?
-96
Let k(v) = -22*v + 270. What is k(12)?
6
Let l(x) = x**2 - 40*x + 153. Determine l(35).
-22
Let g(x) = -x**2 - 147*x + 7709. What is g(-188)?
1
Let u(g) = -2*g**3 + 38*g**2 + 47*g - 66. Give u(20).
74
Let x(c) = c**3 + 12*c**2 + 99*c + 459. Calculate x(-6).
81
Let m(v) = -v**3 + 66*v**2 + 65*v + 404. Calculate m(67).
270
Let i(x) = -x**2 + 33*x - 140. Calculate i(29).
-24
Let b(x) = 8*x - 177. What is b(-4)?
-209
Let s(r) = -r**3 + 10*r**2 - 32*r + 265. Calculate s(9).
58
Let q(y) = 67*y - 34. What is q(5)?
301
Let j(r) = -2*r**2 + 61*r + 624. Give j(-8).
8
Let h(a) = -a**2 + 53*a - 237. What is h(48)?
3
Let j(p) = -p**3 + 19*p**2 - 84*p - 51. What is j(10)?
9
Let s(c) = -c**3 + 39*c**2 + 35*c + 154. Calculate s(40).
-46
Let i(k) = k**2 - k - 6. Calculate i(6).
24
Let q(j) = -j**3 + 6*j**2 - 64*j + 216. Determine q(4).
-8
Let a(v) = -77*v + 2238. Give a(24).
390
Let n(r) = 36*r**2 + 1191*r + 100. Determine n(-33).
1
Let w(d) = -d**3 - 129*d**2 - 4138*d + 132. Determine w(-69).
-6
Let s(p) = 3*p**2 + 245*p + 299. What is s(-78)?
-559
Let i(n) = -164*n**3 - n**2 - 8*n - 6. Determine i(-1).
165
Let p(g) = -g**2 + 6*g + 30. Determine p(7).
23
Let n(d) = 3*d**2 + 88*d - 27. Determine n(-30).
33
Let i(y) = 5*y**3 - 11*y**2 - 35*y + 6. Calculate i(-2).
-8
Let w(f) = -5*f**2 + 569*f - 2231. Give w(4).
-35
Let i(l) = l**3 - 3*l**2 - 15*l - 150. Calculate i(8).
50
Let q(g) = 3*g**3 - 2*g**2 + 6*g + 7. Determine q(3).
88
Let r(u) = -3*u**2 + 71*u - 78. Determine r(22).
32
Let i(c) = 2*c**3 + 66*c**2 - 140*c - 2. Give i(-35).
-2
Let a(m) = -17*m - 780. What is a(-41)?
-83
Let w(q) = -3*q**2 + 8*q + 1. Determine w(3).
-2
Let b(w) = -w**2 - 13*w - 13. What is b(-9)?
23
Let y(a) = -330*a - 2123. Determine y(-6).
-143
Let u(h) = 10*h**3 - 21*h. Give u(-3).
-207
Let l(s) = -s**3 + 7*s**2 + 20*s - 20. Give l(8).
76
Let k(h) = h**3 - 2*h**2 - h - 305. Give k(0).
-305
Let s(v) = -5370*v - 21470. What is s(-4)?
10
Let d(a) = -a**3 + 30*a**2 + 223*a - 10. What is d(-6)?
-52
Let y(m) = m**3 - 222*m**2 + 11*m - 2437. Give y(222).
5
Let b(p) = 23*p**2 + 47*p - 192. Determine b(-4).
-12
Let p(c) = 17*c + 58. Calculate p(2).
92
Let m(y) = 9*y + 80. Calculate m(-25).
-145
Let z(a) = -a**2 - 120*a - 3285. Give z(-77).
26
Let c(u) = u**2 - 71*u + 1155. What is c(45)?
-15
Let o(b) = -b**2 - 91*b + 6111. Determine o(45).
-9
Let p(m) = 2*m**3 - 10*m**2 + 87*m - 434. Determine p(5).
1
Let r(k) = 13*k**2 + 204*k - 12. Give r(-16).
52
Let y(r) = r**3 + 11*r**2 - 85*r + 3. Calculate y(5).
-22
Let y(l) = -5*l**3 + 19*l**2 - 14*l - 2. What is y(2)?
6
Let b(r) = r**2 - 5*r - 11. What is b(15)?
139
Let r(i) = 2*i**2 + 216*i + 2481. Determine r(-95).
11
Let t(o) = 36*o**2 + 10*o - 3. What is t(-3)?
291
Let o(n) = 173*n + 1925. What is o(-11)?
22
Let r(k) = -6*k**2 + 13*k - 11. Calculate r(1).
-4
Let s(t) = -t**2 - 40*t + 27. Give s(-40).
27
Let p(d) = 58*d - 3379. Determine p(55).
-189
Let x(u) = u**2 - 296*u - 4341. Calculate x(310).
-1
Let a(c) = -c**3 + 35*c**2 + 104*c - 34. Give a(38).
-414
Let y(i) = -268*i**2 - 8577*i - 27. Determine y(-32).
5
Let s(f) = -24*f + 2153. What is s(84)?
137
Let n(x) = -x**3 + 68*x**2 - 318*x + 7. Determine n(5).
-8
Let b(j) = 59*j + 241. Determine b(-4).
5
Let c(q) = q**3 - 45*q**2 + 127*q - 65. What is c(42)?
-23
Let q(y) = -16*y**2 - 10. What is q(-3)?
-154
Let y(u) = 671*u - 20812. What is y(31)?
-11
Let r(j) = j**3 - j**2 - 356*j - 356. Calculate r(-1).
-2
Let h(y) = -2*y - 52. What is h(-15)?
-22
Let p(a) = a**2 + 53*a + 361. Calculate p(-16).
-231
Let w(b) = -31*b - 78. Give w(-2).
-16
Let l(g) = g**3 - 22*g**2 + 89*g + 52. Give l(15).
-188
Let x(h) = 2*h**2 + 78*h - 658. Determine x(-47).
94
Let o(m) = m**3 - 194*m**2 + 2183*m + 3. Determine o(12).
-9
Let y(j) = 466*j + 923. Determine y(-2).
-9
Let a(q) = -q**3 - 18*q**2 + 14*q - 107. Calculate a(-19).
-12
Let a(f) = -2*f**3 - 148*f**2 - f - 54. What is a(-74)?
20
Let z(k) = -180*k - 1448. Give z(-8).
-8
Let v(m) = 2*m**2 - 123*m - 159. What is v(63)?
30
Let l(i) = i**3 - 117*i**2 + 339*i + 340. Give l(114).
-2
Let g(s) = -1263*s - 11358. Determine g(-9).
9
Let g(f) = -f**2 - 14*f + 1627. What is g(34)?
-5
Let x(d) = d**3 - 7*d**2 + 11344*d - 68029. Give x(6).
-1
Let c(r) = -5*r - 126. What is c(-34)?
44
Let k(w) = -w**3 + 22*w**2 + 123*w - 3426. Calculate k(19).
-6
Let f(d) = -19*d - 143. Give f(-11).
66
Let y(v) = -v**3 + 155*v**2 + 6426*v + 8. Determine y(189).
8
Let n(p) = -2*p - 84. What is n(-48)?
12
Let t(g) = g**3 + 40*g**2 - 84*g - 44. Give t(-42).
-44
Let x(p) = -6*p**3 - 173*p**2 - 523*p - 2. Calculate x(-3).
172
Let v(t) = t**2 + 59*t - 2468. Calculate v(-86).
-146
Let q(k) = k**3 - 16*k**2 - 19*k - 297. What is q(18)?
9
Let c(h) = 9*h**3 + 3*h**2 - 2*h + 2. Give c(-3).
-208
Let y(b) = -b**3 - 2*b**2 + 30*b + 35. Determine y(5).
10
Let p(x) = -2*x**2 - 28*x - 20. Determine p(-18).
-164
Let q(d) = -2*d**2 - 23*d - 62. Give q(-13).
-101
Let u(z) = 33*z + 2319. Give u(-66).
141
Let p(x) = -2*x**3 + x**2 + 12*x - 5. What is p(4)?
-69
Let m(r) = 191*r + 20814. Calculate m(-109).
-5
Let t(a) = -a**2 - 9*a + 45. What is t(-22)?
-241
Let w(x) = -x**2 - 20*x - 84. Calculate w(-15).
-9
Let s(a) = 7*a + 19. Give s(-6).
-23
Let x(d) = 4*d**3 - 80*d**2 - 79*d - 110. Give x(21).
-5
Let h(w) = 6*w**3 + 26*w**2 - 4*w + 14. Give h(0).
14
Let x(b) = -b**3 - 70*b**2 - 78*b - 311. Calculate x(-69).
310
Let p(b) = -b**3 + 27*b**2 + 125*b - 60. Give p(31).
-29
Let g(u) = -20*u + 1130. Give g(58).
-30
Let u(y) = y**3 + 7*y**2 + 57*y + 132. Calculate u(-3).
-3
Let k(n) = 40*n - 1693. Calculate k(43).
27
Let y(c) = 38*c**2 + 83*c + 67. Determine y(-4).
343
Let w(k) = -728*k - 6528. Calculate w(-9).
24
Let g(q) = 4*q**3 - 73*q**2 + 28*q - 174. Give g(18).
6
Let h(c) = 3075*c + 43063. Calculate h(-14).
13
Let j(l) = -2*l**3 - 41*l**2 + 16*l + 69. Calculate j(-21).
174
Let h(x) = x**3 - 10*x**2 - 20*x - 41. Give h(12).
7
Let m(f) = f**3 - 12*f**2 + 5*f + 82. Determine m(11).
16
Let q(j) = j**3 - 14*j**2 - 130*j + 1318. What is q(17)?
-25
Let z(q) = -q - 183. Calculate z(25).
-208
Let z(h) = 10*h + 360. Determine z(-20).
160
Let g(u) = 6*u**2 - 24*u + 107. What is g(6)?
179
Let u(x) = -7*x - 121. What is u(-14)?
-23
Let f(z) = 52*z - 63. Give f(1).
-11
Let s(l) = -10*l**2 - 21*l + 78. Give s(-4).
2
Let a(t) = -t**3 + 2*t**2 - 163*t - 982. Give a(-5).
8
Let w(o) = -6*o**2 - 16*o + 1. What is w(-7)?
-181
Let a(j) = j**3 - 13*j**2 - 35*j + 72. What is a(15)?
-3
Let z(o) = -608*o - 7895. Determine z(-13).
9
Let r(t) = 213*t + 471. What is r(-2)?
45
Let b(z) = -45*z + 119. Determine b(3).
-16
Let p(j) = 2*j**3 + 20*j**2 - 4*j - 7. Determine p(-10).
33
Let u(w) = w**2 - 25*w - 804. Determine u(43).
-30
Let y(b) = 27*b + 40. Determine y(-2).
-14
Let h(z) = 3*z**3 + 784*z**2 - 527*z - 773. Determine h(-262).
13
Let m(s) = 232*s + 31073. Calculate m(-134).
-15
Let q(m) = -2*m**2 + 102*m + 779. Calculate q(57).
95
Let q(k) = 3*k**3 + 57*k**2 - 70*k + 26. What is q(-20)?
226
Let c(p) = -29*p**2 - 194*p + 59. Calculate c(-7).
-4
Let q(i) = -8*i - 76. Give q(-14).
36
Let j(w) = 4*w**2 + 16*w - 241. Calculate j(-10).
-1
Let n(b) = -b**3 + 4*b**2 + 7*b - 15. Calculate n(3).
15
Let s(i) = 22*i**3 - 3*i**2 + 4*i + 9. What is s(-3)?
-624
Let y(u) = u**2 - 31*u - 321. What is y(38)?
-55
Let s(u) = -4*u**3 - 7*u**2 - 7*u + 18. What is s(4)?
-378
Let t(c) = 13*c**3 - 7*c**2 + 51*c + 235. Calculate t(-4).
-913
Let g(u) = -u**3 - u**2 + 36*u + 21. Calculate g(-6).
-15
Let o(i) = i**2 - 69*i + 373. Give o(6).
-5
Let g(v) = 9*v + 303. What is g(34)?
609
Let i(l) = -909*l - 74532. What is i(-82)?
6
Let w(k) = 3*k**3 - 3*k**2 + k + 4. Give w(2).
18
Let s(y) = -y**3 - 17*y**2 - 24*y - 418. Give s(-12).
-850
Let m(v) = 1009*v + 1011. Calculate m(-1).
2
Let u(z) = -917*z + 33940. What is u(37)?
11
Let p(n) = n**3 - 10*n**2 + 11*n - 7. Determine p(5).
-77
Let f(g) = 329*g + 12085. Calculate f(-37).
-88
Let x(y) = y**3 - 2*y**2 - 32*y - 11. Give x(7).
10
Let p(v) = -10*v + 1467. Calculate p(147).
-3
Let z(b) = b**2 + 13*b + 9. What is z(-4)?
-27
Let l(i) = 320*i**3 + 9*i**2 + 5*i - 3. Give l(-1).
-319
Let x(n) = -n**3 - 9*n**2 - 3*n + 3. Calculate x(-2).
-19
Let i(d) = -26*d - 99. What is i(-5)?
31
Let k(z) = 147*z - 8. Calculate